{"id":1970,"date":"2022-10-06T11:21:04","date_gmt":"2022-10-06T11:21:04","guid":{"rendered":"https:\/\/shop.bikeomania-obrigheim.de\/?post_type=product&#038;p=1970"},"modified":"2024-02-19T00:08:07","modified_gmt":"2024-02-19T00:08:07","slug":"moterra-neo-eq-2","status":"publish","type":"product","link":"https:\/\/shop.bikeomania-obrigheim.de\/?product=moterra-neo-eq-2","title":{"rendered":"Cannondale Moterra NEO EQ"},"content":{"rendered":"<h2><img class=\"alignnone size-medium wp-image-1210\" src=\"https:\/\/shop.bikeomania-obrigheim.de\/wp-content\/uploads\/2021\/01\/Cannondale-1-300x56.jpg\" alt=\"\" width=\"300\" height=\"56\" srcset=\"https:\/\/shop.bikeomania-obrigheim.de\/wp-content\/uploads\/2021\/01\/Cannondale-1-300x56.jpg 300w, https:\/\/shop.bikeomania-obrigheim.de\/wp-content\/uploads\/2021\/01\/Cannondale-1.jpg 631w\" sizes=\"(max-width: 300px) 100vw, 300px\" \/><\/h2>\n<h1 class=\"headline bike-configuration__headline\" data-sku=\"7149-2021\" data-model-code=\"C65451M\">Moterra NEO EQ<\/h1>\n<div class=\"c-bike-details__prices\">\n<h3><\/h3>\n<h3 class=\"c-bike-details__prices-text\"><strong>6.199,00 EU<\/strong>R<\/h3>\n<div class=\"c-bike-details__prices-note\">Unverbindliche Preisempfehlung (inklusive der g\u00fcltigen gesetzlichen MwSt.)<\/div>\n<\/div>\n<div><\/div>\n<pre>Verf\u00fcgbar Obrigheim: SM\r\n<\/pre>\n<h4><\/h4>\n<p>&nbsp;<\/p>\n<h3 class=\"title18 font-bold text-uppercase\"><a href=\"https:\/\/www.cannondale.com\/de-de\/bikes\/electric\/e-mountain\/moterra-neo\/moterra-neo-eq\" target=\"_blank\" rel=\"noopener\"><span style=\"color: #00ff00\"><strong><span style=\"color: #8cb425\">Zur Hertsellerseite<\/span><\/strong><\/span><\/a><\/h3>\n<p>&nbsp;<\/p>\n<p>Besonderheiten:<\/p>\n<ul>\n<li>Proportional Response Tuned SmartForm Aluminiumrahmen, 130\u00a0mm Federweg hinten\/RockShox 35 Silver R Federgabel mit 150\u00a0mm Federweg<\/li>\n<li>Das smarte System von Bosch \u2013 750-Wh-Akku und Performance CX Motor<\/li>\n<li>Shimano XT\/Deore 12fach-Antrieb\/Beleuchtung, Gep\u00e4cktr\u00e4ger, Schutzbleche, Fahrradst\u00e4nder<\/li>\n<\/ul>\n","protected":false},"excerpt":{"rendered":"<p>Wie auf Wolken durch die Stadt schweben. \u00dcber Stock und Stein durch die W\u00e4lder heizen. Das brandneue Moterra Neo EQ begeistert auf jedem Terrain. Hier treffen grenzenlose Offroad-F\u00e4higkeiten auf ernsthafte Alltagsqualit\u00e4ten.<\/p>\n","protected":false},"featured_media":1971,"template":"","meta":[],"product_cat":[61,51],"product_tag":[],"_links":{"self":[{"href":"https:\/\/shop.bikeomania-obrigheim.de\/index.php?rest_route=\/wp\/v2\/product\/1970"}],"collection":[{"href":"https:\/\/shop.bikeomania-obrigheim.de\/index.php?rest_route=\/wp\/v2\/product"}],"about":[{"href":"https:\/\/shop.bikeomania-obrigheim.de\/index.php?rest_route=\/wp\/v2\/types\/product"}],"wp:featuredmedia":[{"embeddable":true,"href":"https:\/\/shop.bikeomania-obrigheim.de\/index.php?rest_route=\/wp\/v2\/media\/1971"}],"wp:attachment":[{"href":"https:\/\/shop.bikeomania-obrigheim.de\/index.php?rest_route=%2Fwp%2Fv2%2Fmedia&parent=1970"}],"wp:term":[{"taxonomy":"product_cat","embeddable":true,"href":"https:\/\/shop.bikeomania-obrigheim.de\/index.php?rest_route=%2Fwp%2Fv2%2Fproduct_cat&post=1970"},{"taxonomy":"product_tag","embeddable":true,"href":"https:\/\/shop.bikeomania-obrigheim.de\/index.php?rest_route=%2Fwp%2Fv2%2Fproduct_tag&post=1970"}],"curies":[{"name":"wp","href":"https:\/\/api.w.org\/{rel}","templated":true}]}}