{"id":2235,"date":"2023-10-16T09:12:06","date_gmt":"2023-10-16T09:12:06","guid":{"rendered":"https:\/\/shop.bikeomania-obrigheim.de\/?post_type=product&#038;p=2235"},"modified":"2023-11-06T10:24:48","modified_gmt":"2023-11-06T10:24:48","slug":"gasgas-eca-3","status":"publish","type":"product","link":"https:\/\/shop.bikeomania-obrigheim.de\/?product=gasgas-eca-3","title":{"rendered":"GasGas ECA 3"},"content":{"rendered":"<h2><\/h2>\n<h1><\/h1>\n<h1><a href=\"https:\/\/shop.bikeomania-obrigheim.de\/wp-content\/uploads\/2023\/10\/images.png\"><img class=\"alignnone wp-image-2236\" src=\"https:\/\/shop.bikeomania-obrigheim.de\/wp-content\/uploads\/2023\/10\/images.png\" alt=\"\" width=\"258\" height=\"153\" \/><\/a><\/h1>\n<h1 class=\"c-bike-details__title\">GasGas ECA 3<\/h1>\n<p>&nbsp;<\/p>\n<div class=\"c-bike-details__prices\">\n<h3>6.499,00 UVP<\/h3>\n<h3 class=\"c-bike-details__prices-text\"><\/h3>\n<div class=\"c-bike-details__prices-note\">Unverbindliche Preisempfehlung (inklusive der g\u00fcltigen gesetzlichen MwSt.)<\/div>\n<div><\/div>\n<\/div>\n<div><\/div>\n<pre>Verf\u00fcgbar Obrigheim:  44cm\r\nVerf\u00fcgbar Buche: 46cm\r\n<\/pre>\n<h4><\/h4>\n<p>&nbsp;<\/p>\n<h3 class=\"title18 font-bold text-uppercase\"><a href=\"https:\/\/www.gasgas.com\/de-de\/e-bikes\/enduro\/eca\/eca-3.3102343341.html\" target=\"_blank\" rel=\"noopener\"><span style=\"color: #00ff00\"><strong><span style=\"color: #8cb425\">Zur Hertsellerseite<\/span><\/strong><\/span><\/a><\/h3>\n<p>&nbsp;<\/p>\n<p>&nbsp;<\/p>\n","protected":false},"excerpt":{"rendered":"<p>Mit reichlich Enduro in seiner DNA, beherrscht das ECA 3 auch die harte Tour. Dank der b\u00e4renstarken FOX Float 38-Factory-Gabel mit 170 mm Federweg und einem FOX Float X-Factory-D\u00e4mpfer meisterst du auch die h\u00e4rtesten Spr\u00fcnge mit Leichtigkeit. Selbst durch enge Kurven und \u00fcber Stock und Stein h\u00e4lt die flache, stabile Geometrie die 29&#8243;-Zoll-R\u00e4der schienengleich in der Spur. Und mit einem 720-Wh-Akku sind lange, anspruchsvolle Touren kein Problem mehr. Komplettiert wird die technische Top-Ausstattung von einer SRAM GX Eagle-Schaltung und Code R-Bremsen, einem Yamaha PW-X3-Motor und einer Bluetooth-Schnittstelle.<\/p>\n","protected":false},"featured_media":2237,"template":"","meta":[],"product_cat":[51],"product_tag":[],"_links":{"self":[{"href":"https:\/\/shop.bikeomania-obrigheim.de\/index.php?rest_route=\/wp\/v2\/product\/2235"}],"collection":[{"href":"https:\/\/shop.bikeomania-obrigheim.de\/index.php?rest_route=\/wp\/v2\/product"}],"about":[{"href":"https:\/\/shop.bikeomania-obrigheim.de\/index.php?rest_route=\/wp\/v2\/types\/product"}],"wp:featuredmedia":[{"embeddable":true,"href":"https:\/\/shop.bikeomania-obrigheim.de\/index.php?rest_route=\/wp\/v2\/media\/2237"}],"wp:attachment":[{"href":"https:\/\/shop.bikeomania-obrigheim.de\/index.php?rest_route=%2Fwp%2Fv2%2Fmedia&parent=2235"}],"wp:term":[{"taxonomy":"product_cat","embeddable":true,"href":"https:\/\/shop.bikeomania-obrigheim.de\/index.php?rest_route=%2Fwp%2Fv2%2Fproduct_cat&post=2235"},{"taxonomy":"product_tag","embeddable":true,"href":"https:\/\/shop.bikeomania-obrigheim.de\/index.php?rest_route=%2Fwp%2Fv2%2Fproduct_tag&post=2235"}],"curies":[{"name":"wp","href":"https:\/\/api.w.org\/{rel}","templated":true}]}}