{"id":2315,"date":"2024-01-12T12:49:53","date_gmt":"2024-01-12T12:49:53","guid":{"rendered":"https:\/\/shop.bikeomania-obrigheim.de\/?post_type=product&#038;p=2315"},"modified":"2024-01-29T08:31:40","modified_gmt":"2024-01-29T08:31:40","slug":"moterra-neo-3","status":"publish","type":"product","link":"https:\/\/shop.bikeomania-obrigheim.de\/?product=moterra-neo-3","title":{"rendered":"Cannondale Moterra NEO 3"},"content":{"rendered":"<h2><img class=\"alignnone size-medium wp-image-1210\" src=\"https:\/\/shop.bikeomania-obrigheim.de\/wp-content\/uploads\/2021\/01\/Cannondale-1-300x56.jpg\" alt=\"\" width=\"300\" height=\"56\" srcset=\"https:\/\/shop.bikeomania-obrigheim.de\/wp-content\/uploads\/2021\/01\/Cannondale-1-300x56.jpg 300w, https:\/\/shop.bikeomania-obrigheim.de\/wp-content\/uploads\/2021\/01\/Cannondale-1.jpg 631w\" sizes=\"(max-width: 300px) 100vw, 300px\" \/><\/h2>\n<h1 class=\"headline bike-configuration__headline\" data-sku=\"7149-2021\" data-model-code=\"C65451M\">Moterra NEO 3<\/h1>\n<div class=\"c-bike-details__prices\">\n<h3><\/h3>\n<h3 class=\"c-bike-details__prices-text\"><strong>5,999,00 EU<\/strong>R<\/h3>\n<div class=\"c-bike-details__prices-note\">Unverbindliche Preisempfehlung (inklusive der g\u00fcltigen gesetzlichen MwSt.)<\/div>\n<\/div>\n<div><\/div>\n<pre>Verf\u00fcgbar in Obrigheim: M\r\n<\/pre>\n<h4><\/h4>\n<p>&nbsp;<\/p>\n<h3 class=\"title18 font-bold text-uppercase\"><a href=\"https:\/\/www.cannondale.com\/de-de\/bikes\/electric\/e-mountain\/moterra-neo\/moterra-neo-3-c65331u?sku=C65331U20SM\" target=\"_blank\" rel=\"noopener\"><span style=\"color: #00ff00\"><strong><span style=\"color: #8cb425\">Zur Hertsellerseite<\/span><\/strong><\/span><\/a><\/h3>\n<p>&nbsp;<\/p>\n<p>Besonderheiten:<\/p>\n<ul>\n<li>Proportional Response Tuned Carbonrahmen \/RockShox Yari RC 150-mm-Federgabel<\/li>\n<li>Bosch SmartSystem \u2013 750-Wh-Akku und Performance CX Motor<\/li>\n<li>Shimano XT\/Deore 12-fach-Antrieb<\/li>\n<\/ul>\n","protected":false},"excerpt":{"rendered":"<p>Leistung und Reichweite sind nur der ein Aspekt. Was das Moterra Neo wirklich gl\u00e4nzen l\u00e4sst, ist sein \u00fcberragendes Handling. Dank der gr\u00f6\u00dfenspezifischen Proportional Response-Konstruktion f\u00e4hrt sich jede Rahmengr\u00f6\u00dfe entsprechend der K\u00f6rpergr\u00f6\u00dfe des Fahrers gleich.<\/p>\n","protected":false},"featured_media":2184,"template":"","meta":[],"product_cat":[51],"product_tag":[],"_links":{"self":[{"href":"https:\/\/shop.bikeomania-obrigheim.de\/index.php?rest_route=\/wp\/v2\/product\/2315"}],"collection":[{"href":"https:\/\/shop.bikeomania-obrigheim.de\/index.php?rest_route=\/wp\/v2\/product"}],"about":[{"href":"https:\/\/shop.bikeomania-obrigheim.de\/index.php?rest_route=\/wp\/v2\/types\/product"}],"wp:featuredmedia":[{"embeddable":true,"href":"https:\/\/shop.bikeomania-obrigheim.de\/index.php?rest_route=\/wp\/v2\/media\/2184"}],"wp:attachment":[{"href":"https:\/\/shop.bikeomania-obrigheim.de\/index.php?rest_route=%2Fwp%2Fv2%2Fmedia&parent=2315"}],"wp:term":[{"taxonomy":"product_cat","embeddable":true,"href":"https:\/\/shop.bikeomania-obrigheim.de\/index.php?rest_route=%2Fwp%2Fv2%2Fproduct_cat&post=2315"},{"taxonomy":"product_tag","embeddable":true,"href":"https:\/\/shop.bikeomania-obrigheim.de\/index.php?rest_route=%2Fwp%2Fv2%2Fproduct_tag&post=2315"}],"curies":[{"name":"wp","href":"https:\/\/api.w.org\/{rel}","templated":true}]}}