{"id":2402,"date":"2024-01-29T09:55:11","date_gmt":"2024-01-29T09:55:11","guid":{"rendered":"https:\/\/shop.bikeomania-obrigheim.de\/?post_type=product&#038;p=2402"},"modified":"2024-01-29T10:06:22","modified_gmt":"2024-01-29T10:06:22","slug":"husqvarna-hard-cross-4","status":"publish","type":"product","link":"https:\/\/shop.bikeomania-obrigheim.de\/?product=husqvarna-hard-cross-4","title":{"rendered":"Husqvarna Hard Cross 4"},"content":{"rendered":"<h1><a href=\"https:\/\/shop.bikeomania-obrigheim.de\/wp-content\/uploads\/2023\/10\/Unbenannt.png\"><img class=\"alignnone wp-image-2268\" src=\"https:\/\/shop.bikeomania-obrigheim.de\/wp-content\/uploads\/2023\/10\/Unbenannt.png\" alt=\"\" width=\"216\" height=\"135\" \/><\/a><\/h1>\n<h1 class=\"c-bike-details__title\">Hard Cross 2<\/h1>\n<div class=\"c-bike-details__prices\">\n<h3><\/h3>\n<h3 class=\"c-bike-details__prices-text\"><strong>6,499,00 EUR<\/strong><\/h3>\n<div class=\"c-bike-details__prices-note\">Unverbindliche Preisempfehlung (inklusive der g\u00fcltigen gesetzlichen MwSt.)<\/div>\n<\/div>\n<div><\/div>\n<pre>Verf\u00fcgbar in Obrigheim: M<\/pre>\n<h4><\/h4>\n<p>&nbsp;<\/p>\n<h3 class=\"title18 font-bold text-uppercase\"><a href=\"https:\/\/www.husqvarna-bicycles.com\/de-de\/models\/offroad\/hard-cross\/hard-cross-hc4-2023.4002307441.html\" target=\"_blank\" rel=\"noopener\"><span style=\"color: #00ff00\"><strong><span style=\"color: #8cb425\">Zur Hertsellerseite<\/span><\/strong><\/span><\/a><\/h3>\n<ul>\n<li class=\"highlighted-specs-item\">\n<div class=\"highlighted-specs-item__text\"><span class=\"highlighted-specs-item__text-value\">27.5\u201c\/584mm, 29&#8243;\/622mm<\/span><\/div>\n<\/li>\n<li>29\/27.5&#8243;, Alloy 6061, integrierter Akku, Boost, New HQV Alloy, 170 mm<\/li>\n<li><span class=\"highlighted-specs-item__text-value\">FOX Float 38 Performance, Grip, E-Optimized, Luft, 180 mm, tapered <\/span><\/li>\n<li class=\"highlighted-specs-item\">\n<div class=\"highlighted-specs-item__text\"><span class=\"highlighted-specs-item__text-value\">FOX Float X Performance, Luft, 230&#215;65 mm <\/span><\/div>\n<\/li>\n<li><span class=\"highlighted-specs-item__text-value\">Shimano EP8, DU-EP801, 250 W, 85 Nm <\/span><\/li>\n<li><span class=\"highlighted-specs-item__text-value\">Core S2+, 720 Wh, 36 V <\/span><\/li>\n<\/ul>\n<p><span class=\"highlighted-specs-item__text-label\">\u00a0<\/span><\/p>\n","protected":false},"excerpt":{"rendered":"<p>Das HC4 ist ein E-Enduro-Bike der Spitzenklasse mit genau der richtigen Geometrie an genau den richtigen Stellen. So vermittelt es Fahrern genug Vertrauen, um die steilsten und technischsten Gel\u00e4nde in Angriff zu nehmen. Gemischte Radgr\u00f6\u00dfen sorgen f\u00fcr dynamische Kurvenfahrten, und die kr\u00e4ftige 180\/170-mm-Federungsplattform schluckt auch die gr\u00f6\u00dften Spr\u00fcnge. Der Shimano EP801-Motor und der 720-Wh-Akku gew\u00e4hrleisten ganzt\u00e4gigen Spa\u00df im Bikepark oder auf dem Berg.<\/p>\n","protected":false},"featured_media":2404,"template":"","meta":[],"product_cat":[51],"product_tag":[],"_links":{"self":[{"href":"https:\/\/shop.bikeomania-obrigheim.de\/index.php?rest_route=\/wp\/v2\/product\/2402"}],"collection":[{"href":"https:\/\/shop.bikeomania-obrigheim.de\/index.php?rest_route=\/wp\/v2\/product"}],"about":[{"href":"https:\/\/shop.bikeomania-obrigheim.de\/index.php?rest_route=\/wp\/v2\/types\/product"}],"wp:featuredmedia":[{"embeddable":true,"href":"https:\/\/shop.bikeomania-obrigheim.de\/index.php?rest_route=\/wp\/v2\/media\/2404"}],"wp:attachment":[{"href":"https:\/\/shop.bikeomania-obrigheim.de\/index.php?rest_route=%2Fwp%2Fv2%2Fmedia&parent=2402"}],"wp:term":[{"taxonomy":"product_cat","embeddable":true,"href":"https:\/\/shop.bikeomania-obrigheim.de\/index.php?rest_route=%2Fwp%2Fv2%2Fproduct_cat&post=2402"},{"taxonomy":"product_tag","embeddable":true,"href":"https:\/\/shop.bikeomania-obrigheim.de\/index.php?rest_route=%2Fwp%2Fv2%2Fproduct_tag&post=2402"}],"curies":[{"name":"wp","href":"https:\/\/api.w.org\/{rel}","templated":true}]}}